{"id":7889,"date":"2025-08-22T19:01:24","date_gmt":"2025-08-22T19:01:24","guid":{"rendered":"https:\/\/www.culturatlaxcala.com.mx\/?page_id=7889"},"modified":"2025-09-09T17:56:29","modified_gmt":"2025-09-09T17:56:29","slug":"contraloria-social-aiec-2025","status":"publish","type":"page","link":"https:\/\/www.culturatlaxcala.com.mx\/index.php\/transparencia\/contraloria-social-aiec-2025\/","title":{"rendered":"Contraloria Social AIEC 2025"},"content":{"rendered":"\n<figure class=\"wp-block-image size-large\"><img loading=\"lazy\" decoding=\"async\" width=\"791\" height=\"1024\" src=\"https:\/\/www.culturatlaxcala.com.mx\/wp-content\/uploads\/2025\/08\/contraloriaSocialAIEC2025-791x1024.jpg\" alt=\"\" class=\"wp-image-7890\" srcset=\"https:\/\/www.culturatlaxcala.com.mx\/wp-content\/uploads\/2025\/08\/contraloriaSocialAIEC2025-791x1024.jpg 791w, https:\/\/www.culturatlaxcala.com.mx\/wp-content\/uploads\/2025\/08\/contraloriaSocialAIEC2025-232x300.jpg 232w, https:\/\/www.culturatlaxcala.com.mx\/wp-content\/uploads\/2025\/08\/contraloriaSocialAIEC2025-768x994.jpg 768w, https:\/\/www.culturatlaxcala.com.mx\/wp-content\/uploads\/2025\/08\/contraloriaSocialAIEC2025-1187x1536.jpg 1187w, https:\/\/www.culturatlaxcala.com.mx\/wp-content\/uploads\/2025\/08\/contraloriaSocialAIEC2025-1583x2048.jpg 1583w, https:\/\/www.culturatlaxcala.com.mx\/wp-content\/uploads\/2025\/08\/contraloriaSocialAIEC2025.jpg 1700w\" sizes=\"auto, (max-width: 791px) 100vw, 791px\" \/><\/figure>\n\n\n\n<p><strong>MATERIALES DE DIFUSI\u00d3N<\/strong><br><a href=\"http:\/\/www.culturatlaxcala.com.mx\/contraloriaSocial2025\/1_Convoca_comite_contraloria_Social_AIEC2025.pdf\" target=\"_blank\" rel=\"noreferrer noopener\">1.- Convocatoria<\/a><br><a href=\"http:\/\/www.culturatlaxcala.com.mx\/contraloriaSocial2025\/2_Resultados_Convocatori_CCS 2025.pdf\" target=\"_blank\" rel=\"noreferrer noopener\">2.- Resultados de la Convocatoria Contralor\u00eda Social 2025<\/a><br><a href=\"http:\/\/www.culturatlaxcala.com.mx\/contraloriaSocial2025\/3_Triptico _cs_2025.pdf\" target=\"_blank\" rel=\"noreferrer noopener\">3.- Tr\u00edptico<\/a><\/p>\n\n\n\n<p><strong>DOCUMENTOS NORMATIVOS<\/strong><br><a rel=\"noreferrer noopener\" href=\"http:\/\/www.culturatlaxcala.com.mx\/contraloriaSocial2025\/1_Esquema CS AIEC 2025.pdf\" target=\"_blank\">1.- Esquema de Contralor\u00eda Social 2025<\/a><br><a rel=\"noreferrer noopener\" href=\"http:\/\/www.culturatlaxcala.com.mx\/contraloriaSocial2025\/2_Guia Op CS AIEC 2025.pdf\" target=\"_blank\">2.- Gu\u00eda Operativa de Contralor\u00eda Social 2025<\/a><br><a rel=\"noreferrer noopener\" href=\"http:\/\/www.culturatlaxcala.com.mx\/contraloriaSocial2025\/3_ PATCS AIEC 2025.pdf\" target=\"_blank\">3.- Programa Anual de Trabajo Contraloria Social 2025<\/a><br><a rel=\"noreferrer noopener\" href=\"http:\/\/www.culturatlaxcala.com.mx\/contraloriaSocial2025\/4_Anexos_guia_operativa.pdf\" target=\"_blank\">4.- Anexos de la Guia Operativa CS AIEC 2025<\/a><\/p>\n\n\n\n<p><strong>MATERIALES DE CAPACITACI\u00d3N<\/strong><br><a href=\"http:\/\/www.culturatlaxcala.com.mx\/contraloriaSocial2025\/Presentacion_capacitacion_CS_2025.pdf\" target=\"_blank\" rel=\"noreferrer noopener\">Diapositivas de Capacitaci\u00f3n<\/a><\/p>\n\n\n\n<p><\/p>\n","protected":false},"excerpt":{"rendered":"<p>MATERIALES DE DIFUSI\u00d3N1.- Convocatoria2.- Resultados de la Convocatoria Contralor\u00eda Social 20253.- Tr\u00edptico DOCUMENTOS NORMATIVOS1.- Esquema de Contralor\u00eda Social 20252.- Gu\u00eda Operativa de Contralor\u00eda Social 20253.- Programa Anual de Trabajo Contraloria Social 20254.- Anexos de la Guia Operativa CS AIEC 2025 MATERIALES DE CAPACITACI\u00d3NDiapositivas de Capacitaci\u00f3n<\/p>\n","protected":false},"author":1,"featured_media":0,"parent":70,"menu_order":0,"comment_status":"closed","ping_status":"closed","template":"","meta":{"footnotes":""},"class_list":["post-7889","page","type-page","status-publish","hentry"],"_links":{"self":[{"href":"https:\/\/www.culturatlaxcala.com.mx\/index.php\/wp-json\/wp\/v2\/pages\/7889","targetHints":{"allow":["GET"]}}],"collection":[{"href":"https:\/\/www.culturatlaxcala.com.mx\/index.php\/wp-json\/wp\/v2\/pages"}],"about":[{"href":"https:\/\/www.culturatlaxcala.com.mx\/index.php\/wp-json\/wp\/v2\/types\/page"}],"author":[{"embeddable":true,"href":"https:\/\/www.culturatlaxcala.com.mx\/index.php\/wp-json\/wp\/v2\/users\/1"}],"replies":[{"embeddable":true,"href":"https:\/\/www.culturatlaxcala.com.mx\/index.php\/wp-json\/wp\/v2\/comments?post=7889"}],"version-history":[{"count":6,"href":"https:\/\/www.culturatlaxcala.com.mx\/index.php\/wp-json\/wp\/v2\/pages\/7889\/revisions"}],"predecessor-version":[{"id":7989,"href":"https:\/\/www.culturatlaxcala.com.mx\/index.php\/wp-json\/wp\/v2\/pages\/7889\/revisions\/7989"}],"up":[{"embeddable":true,"href":"https:\/\/www.culturatlaxcala.com.mx\/index.php\/wp-json\/wp\/v2\/pages\/70"}],"wp:attachment":[{"href":"https:\/\/www.culturatlaxcala.com.mx\/index.php\/wp-json\/wp\/v2\/media?parent=7889"}],"curies":[{"name":"wp","href":"https:\/\/api.w.org\/{rel}","templated":true}]}}