{"id":62,"date":"2022-03-30T04:05:11","date_gmt":"2022-03-30T04:05:11","guid":{"rendered":"http:\/\/www.culturatlaxcala.com.mx\/?page_id=62"},"modified":"2025-08-01T18:11:32","modified_gmt":"2025-08-01T18:11:32","slug":"casa-de-musica","status":"publish","type":"page","link":"https:\/\/www.culturatlaxcala.com.mx\/index.php\/infraestructura\/casa-de-musica\/","title":{"rendered":"CASA DE M\u00daSICA"},"content":{"rendered":"\n<p><strong>Casa de M\u00fasica<\/strong><br>Mucicipio: Tlaxcala<br>Domicilio: Calle Lardiz\u00e1bal No. 14, Col. Centro, Tlaxcala, Tlax.<br>Tel. 01 246 11 75275<\/p>\n\n\n\n<p><strong>SEDES CASA DE M\u00daSICA<\/strong><\/p>\n\n\n\n<ul class=\"wp-block-list\">\n<li><strong>Orquesta Sinf\u00f3nica Infantil de Tlaxcala<\/strong><\/li>\n<\/ul>\n\n\n\n<p>    Lardizabal, No. 14, Centro, C.P. 90000, Tlaxcala<\/p>\n\n\n\n<p>   Tel.: (246) 117 52 75  correo electr\u00f3nico: <a href=\"mailto:casademusicadetlaxcala@gmail.com\">casademusicadetlaxcala@gmail.com<\/a><\/p>\n\n\n\n<ul class=\"wp-block-list\">\n<li><strong>Orquesta Sinf\u00f3nica Infantil de Santa Cruz Tlaxcala<\/strong><\/li>\n<\/ul>\n\n\n\n<p>    Calle Ignacio Zaragoza No. 8, Col. Centro, Santa Cruz Tlaxcala<\/p>\n\n\n\n<p>    Tel.: 2461256414  correo electr\u00f3nico:  <a href=\"mailto:OSISCT_90@OUTLOOK.ES\">osisct_90@outlook.es<\/a><\/p>\n\n\n\n<ul class=\"wp-block-list\">\n<li><strong>Orquesta Sinf\u00f3nica Infantil de Huamantla<\/strong><\/li>\n<\/ul>\n\n\n\n<p>    Casa Amarilla del Centro Cultural<\/p>\n\n\n\n<p>    Reforma Sur No. 104  (Frente a la Escuela Emiliano Zapata)<\/p>\n\n\n\n<p>    Cel. 247 122 34 28  correo electr\u00f3nico: yulbass40@hotmail.es<\/p>\n\n\n\n<ul class=\"wp-block-list\">\n<li><strong>Orquesta Sinf\u00f3nica Infantil de Apizaco<\/strong><\/li>\n<\/ul>\n\n\n\n<p>    Complejo Cultural Emilio Sanchez Piedras<\/p>\n\n\n\n<p>    Boulevard 16 de Septiembre S\/N (a un costado de la Plaza de Toros)<\/p>\n\n\n\n<p>    Tel.: 2484885035 correo electr\u00f3nico:  <a href=\"mailto:moreno_hill@hayoo.es\">moreno_hill@hayoo.es<\/a><\/p>\n","protected":false},"excerpt":{"rendered":"<p>Casa de M\u00fasicaMucicipio: TlaxcalaDomicilio: Calle Lardiz\u00e1bal No. 14, Col. Centro, Tlaxcala, Tlax.Tel. 01 246 11 75275 SEDES CASA DE M\u00daSICA Lardizabal, No. 14, Centro, C.P. 90000, Tlaxcala Tel.: (246) 117 52 75 correo electr\u00f3nico: casademusicadetlaxcala@gmail.com Calle Ignacio Zaragoza No. 8, Col. Centro, Santa Cruz Tlaxcala Tel.: 2461256414 correo electr\u00f3nico: osisct_90@outlook.es Casa Amarilla del Centro Cultural<\/p>\n<p><a href=\"https:\/\/www.culturatlaxcala.com.mx\/index.php\/infraestructura\/casa-de-musica\/\" class=\"more-link themebutton\">Read More<\/a><\/p>\n","protected":false},"author":1,"featured_media":0,"parent":28,"menu_order":5,"comment_status":"closed","ping_status":"closed","template":"","meta":{"footnotes":""},"class_list":["post-62","page","type-page","status-publish","hentry"],"_links":{"self":[{"href":"https:\/\/www.culturatlaxcala.com.mx\/index.php\/wp-json\/wp\/v2\/pages\/62","targetHints":{"allow":["GET"]}}],"collection":[{"href":"https:\/\/www.culturatlaxcala.com.mx\/index.php\/wp-json\/wp\/v2\/pages"}],"about":[{"href":"https:\/\/www.culturatlaxcala.com.mx\/index.php\/wp-json\/wp\/v2\/types\/page"}],"author":[{"embeddable":true,"href":"https:\/\/www.culturatlaxcala.com.mx\/index.php\/wp-json\/wp\/v2\/users\/1"}],"replies":[{"embeddable":true,"href":"https:\/\/www.culturatlaxcala.com.mx\/index.php\/wp-json\/wp\/v2\/comments?post=62"}],"version-history":[{"count":3,"href":"https:\/\/www.culturatlaxcala.com.mx\/index.php\/wp-json\/wp\/v2\/pages\/62\/revisions"}],"predecessor-version":[{"id":7701,"href":"https:\/\/www.culturatlaxcala.com.mx\/index.php\/wp-json\/wp\/v2\/pages\/62\/revisions\/7701"}],"up":[{"embeddable":true,"href":"https:\/\/www.culturatlaxcala.com.mx\/index.php\/wp-json\/wp\/v2\/pages\/28"}],"wp:attachment":[{"href":"https:\/\/www.culturatlaxcala.com.mx\/index.php\/wp-json\/wp\/v2\/media?parent=62"}],"curies":[{"name":"wp","href":"https:\/\/api.w.org\/{rel}","templated":true}]}}